 -15*o + 630 = -9*o. Suppose 0 = -v + 5*w + 40, -2*v + 4*w = -o + 37. Let z be (-57 - 0)/((v/(-4))/5). What is the greatest common factor of z and 38?
38
Let h(v) = -v**3 + 22*v**2 - 8*v + 29. Let n be h(9). Let p be 9/((-81)/(-18))*5. Calculate the highest common factor of n and p.
10
Let q(o) = -o**3 + 29*o**2 - 32*o - 92. Let d be q(26). Calculate the greatest common factor of 16 and d.
16
Let s(g) = 40*g**2 - 352*g + 31. Let u be s(9). What is the greatest common divisor of u and 5253?
103
Let j = 210 + -1. Let l = 9 + -16. Let m = l + 26. What is the highest common factor of m and j?
19
Let n = -12444 - -12531. What is the greatest common divisor of 203 and n?
29
Suppose 0 = 701*n - 1624 + 222. What is the greatest common divisor of n and 2974?
2
Let q = 36 - 32. Suppose 4*s + q = 4*o, 5*s + 4 = 2*o + s. Suppose -5*l + 29 - 9 = o. Calculate the highest common divisor of 1 and l.
1
Let p be 18/42 - -428*2/28. Let r(v) = -v**2 + 24*v + 237. Let f be r(p). Calculate the greatest common divisor of 120 and f.
20
Let p = 3 - -1. Suppose -413 = -g + 5*k, 0 = 9*g - 8*g + 5*k - 373. Suppose 0 = p*b + 113 - g. What is the greatest common divisor of 10 and b?
10
Let s = -158 - -196. Suppose 5*g - 267 = -52. Let y = g - s. What is the greatest common divisor of y and 15?
5
Let c be (12 - (2 - -5))*(-22302)/(-15). Calculate the greatest common divisor of c and 126.
126
Suppose 2*z - 1 = h - 11, 70 = 3*h + 4*z. What is the greatest common factor of h and 8028?
18
Suppose 5*b + 3*n = -258, -2*b + 7*b + 257 = -2*n. Let p(f) = -2*f - 54. Let j be p(b). What is the greatest common divisor of 216 and j?
24
Let f = -336 + 635. Calculate the highest common factor of 1105 and f.
13
Suppose -3*g - 14 = 4*n, 5*n - 8 = 5*g + 4*n. Let q be (4 + g)/((7/(-18))/(-7)). What is the greatest common divisor of 162 and q?
18
Let k = 5 + 18. Let w = 134 + -250. Let j = 91 - w. What is the highest common factor of j and k?
23
Suppose c - 114 = -g, -7*g + 8*g = 5*c - 534. What is the highest common divisor of c and 1053?
27
Suppose -69984 = -10*n + 53226. Let w be n/185 + 6/(-10). What is the greatest common factor of w and 88?
22
Suppose 43*f = 46*f - 3*p - 2583, f - 2*p - 854 = 0. Calculate the greatest common factor of f and 308.
28
Let h(c) = -50*c + 7. Let q(p) = 23*p - 3. Let g(u) = -3*h(u) - 5*q(u). Let x be g(2). What is the highest common factor of 8 and x?
8
Let c be (-1 - -4) + 1 + -2 + 0. Suppose 2*s = -x + 4*x + 2, 4*x = -c*s + 16. Suppose -167 = -s*b - 31. Calculate the greatest common factor of b and 51.
17
Let b be (-670)/(-16) + (-3)/(-24). Let a(g) = -b*g - 38*g + 28*g - 1 - 27*g. Let k be a(-4). Calculate the highest common divisor of 35 and k.
35
Suppose -25 = -5*q + 3*p, 5*p - 8 - 7 = -3*q. Suppose q*n = -47 + 67. What is the highest common divisor of n and 10?
2
Suppose -t - 14*y = -12*y - 216, -840 = -4*t + 4*y. What is the highest common factor of t and 583?
53
Suppose -3*s + 27 = 4*j, 7*s = 2*j + 4*s + 9. Suppose 4*u + j*u = 266. Calculate the greatest common factor of 247 and u.
19
Let f be (-2)/(2/12*-1). Suppose 42*l - 432 = 30*l. Let k be (16/(-2) + 0)/((-8)/l). Calculate the greatest common factor of k and f.
12
Let f(c) = -c**3 - 3*c**2 + 5*c. Let u = 44 + -48. Let a be f(u). Let j be 27 + a + (-3 - -4). Calculate the highest common divisor of 36 and j.
12
Let a be -7*(-1 + 92/(-28)). Let d = 33 - a. Suppose -d*b - 2*b + 525 = 0. What is the highest common factor of b and 30?
15
Let v = 19 + 6. Suppose v = -3*k - 5. Let t(z) = z**3 + 9*z**2 - 12*z - 15. Let a be t(k). What is the highest common factor of 10 and a?
5
Let z(t) = -t**3 - 8*t**2 + 227*t - 648. Let q be z(-30). Calculate the greatest common divisor of 306 and q.
102
Suppose -9*f = -1664 + 4202. Let t = -263 - f. What is the highest common divisor of t and 171?
19
Let t(b) = b**3 + 7*b**2 - 5*b + 2. Suppose -17*j = -21*j - 20. Let y be t(j). What is the highest common factor of 11 and y?
11
Suppose 3*z = -2*z + 5*y + 745, 0 = 4*z + 3*y - 631. Suppose 0 = 3*h + h. Suppose h = -5*b + 10*b - 70. Calculate the greatest common divisor of b and z.
14
Suppose 89*r = 96 + 31 + 51. Let s be (-15)/(-60) + 127/4. What is the greatest common divisor of r and s?
2
Let x = 23 - -249. Let s be ((-3)/(-2))/(17/x). What is the greatest common factor of 96 and s?
24
Let n = -84 + 300. Let k be 27*(-9)/(n/(-688)). Calculate the highest common factor of k and 18.
18
Let b(i) = -21*i - 1. Let v be b(-1). Suppose -15*r + 133 = -2. Let l be 9/(2*r/(-12)) + 146. What is the highest common divisor of l and v?
20
Let y(x) = 2*x**2 - 46*x - 552. Let n be y(34). What is the greatest common divisor of n and 126?
14
Let t(l) = -2*l**2 - l + 185. Let w be t(0). Let m = w + -179. Calculate the highest common factor of m and 12.
6
Suppose 15*r = 4*r + 33. Suppose -2*b - 13 = -r, -5*b - 43 = 3*x. Let p = x + 70. What is the highest common factor of p and 8?
8
Let j = -1832 + 3022. What is the highest common divisor of 350 and j?
70
Suppose -2*b + 10666 = -0*b + 3282. What is the highest common divisor of 39 and b?
13
Suppose -5*b = 440*l - 435*l - 385, -3*l + 3*b + 213 = 0. What is the greatest common factor of l and 58?
2
Suppose 0 = -3*j + 27 - 9. Let z(m) = -16*m - 45. Let s be z(-6). Let h = s + -48. Calculate the highest common factor of h and j.
3
Let s be 98/28 + 820555/58. Calculate the highest common factor of s and 89.
89
Let d(s) = s**2 - 16*s - 68. Suppose 9 = -14*m + 289. Let c be d(m). What is the greatest common factor of c and 636?
12
Let q = -4740 + 4772. Calculate the highest common factor of q and 512.
32
Suppose -207*r - 45*r + 315252 = 0. Calculate the highest common divisor of r and 139.
139
Suppose -4*g + 111 = 75. Let x be (12/(-4) - -72) + g/(-3). Calculate the highest common factor of 6 and x.
6
Let p be (-6)/(-11) - (16511/(-121) + 5). Let s = -81 + p. Calculate the greatest common divisor of s and 306.
51
Suppose 25*g - 31*g + 204 + 90 = 0. What is the highest common divisor of g and 952?
7
Suppose 2267*p + 4500 = 2285*p. Calculate the highest common factor of p and 1625.
125
Suppose 45*o - 221*o + 47416 = -238408. Calculate the greatest common divisor of 28 and o.
28
Let u = -74 - -81. Let p = 14 - 13. Let f = p + 6. Calculate the greatest common factor of f and u.
7
Suppose 356*i = 293*i + 1324701. Calculate the greatest common divisor of i and 43.
43
Let n(u) = u**2 - 47*u - 231. Let f be n(60). What is the highest common divisor of f and 99?
9
Suppose 129*a - 89 = -s + 128*a, -383 = -4*s + 5*a. Calculate the greatest common divisor of s and 1334.
46
Suppose -y + 5*y + 368 = 0. Let p = -42 - y. Let c(s) = -s**2 + 58*s - 196. Let n be c(54). Calculate the highest common factor of p and n.
10
Suppose -44*v + 2182 + 1328 = 210. What is the highest common divisor of v and 23025?
75
Let o(r) = -170*r - 21. Let j be o(-4). Suppose -2*y = -j - 255. Let t be -2*-2*1/(-4) + y. Calculate the greatest common factor of 57 and t.
57
Let u(b) be the second derivative of 7*b**4/12 + 4*b**3 - 14*b. Let l be u(-7). Calculate the greatest common divisor of 70 and l.
35
Let r be (10/(-8))/((-5)/(-260)). Let n = r - -85. What is the highest common divisor of 20 and n?
20
Suppose a - 22 = 6. Let r = -1076 - -1570. Suppose -2*c - 4*b + 512 = 0, -2*c = -5*b - 0*b - r. Calculate the greatest common divisor of a and c.
28
Let f(h) = 3*h**2 + 9*h + 9. Let m be f(-7). Calculate the greatest common divisor of m and 2449.
31
Suppose 5*p + 4*u = 126, 12*p = 9*p + 4*u + 114. Calculate the highest common factor of 22815 and p.
15
Let g(p) = 6*p**2 - 98*p - 979. Let i be g(-17). What is the greatest common divisor of 18 and i?
9
Let u = -3547 - -7582. What is the highest common factor of u and 30?
15
Suppose 2 = f - 2. Suppose 0 = -f*x - 1 + 37. Let d(c) = 596*c + 17997. Let j be d(-30). Calculate the highest common factor of j and x.
9
Let i = -5124 - -5371. What is the highest common divisor of 52 and i?
13
Let s(a) = -3*a**3 - 2*a**2 + a + 3. Let k be 2 - 9/((-21)/(-7)). Let g be s(k). What is the highest common factor of 13 and g?
1
Let u(z) = 8*z + z**2 + 6 - z - 10*z + 2. Let a be u(0). What is the greatest common factor of 52 and a?
4
Let c(r) = -r**3 - 6*r**2 + 15*r - 5. Let o be c(-8). Suppose 3*b = -5*t 